{"id":3675,"date":"2021-06-02T20:55:07","date_gmt":"2021-06-02T18:55:07","guid":{"rendered":"https:\/\/www.bpoint.sk\/elizabeth\/?post_type=product&#038;p=3675"},"modified":"2024-11-18T11:13:13","modified_gmt":"2024-11-18T10:13:13","slug":"32-21","status":"publish","type":"product","link":"https:\/\/www.salonelizabeth.sk\/index.php\/product\/32-21\/","title":{"rendered":"32-21"},"content":{"rendered":"\t\t<div data-elementor-type=\"wp-post\" data-elementor-id=\"3675\" class=\"elementor elementor-3675\">\n\t\t\t\t\t\t<section class=\"elementor-section elementor-top-section elementor-element elementor-element-540b0b50 elementor-section-boxed elementor-section-height-default elementor-section-height-default\" data-id=\"540b0b50\" data-element_type=\"section\">\n\t\t\t\t\t\t<div class=\"elementor-container elementor-column-gap-no\">\n\t\t\t\t\t<div class=\"elementor-column elementor-col-100 elementor-top-column elementor-element elementor-element-3ab23aa7\" data-id=\"3ab23aa7\" data-element_type=\"column\">\n\t\t\t<div class=\"elementor-widget-wrap elementor-element-populated\">\n\t\t\t\t\t\t<div class=\"elementor-element elementor-element-78ae80b5 elementor-widget elementor-widget-text-editor\" data-id=\"78ae80b5\" data-element_type=\"widget\" data-widget_type=\"text-editor.default\">\n\t\t\t\t<div class=\"elementor-widget-container\">\n\t\t\t\t\t\t\t\t\t<p>Popis produktu<\/p>\t\t\t\t\t\t\t\t<\/div>\n\t\t\t\t<\/div>\n\t\t\t\t<div class=\"elementor-element elementor-element-38cb01ac elementor-widget elementor-widget-text-editor\" data-id=\"38cb01ac\" data-element_type=\"widget\" data-widget_type=\"text-editor.default\">\n\t\t\t\t<div class=\"elementor-widget-container\">\n\t\t\t\t\t\t\t\t\t<p>Kr\u00e1tke krajkov\u00e9 ruk\u00e1vy s jemne krojen\u00fdm \u017eiv\u00f4tikom bez hlb\u0161ieho v\u00fdstrihu. Nad\u00fdchan\u00e1, \u013eahk\u00e1 tylov\u00e1 suk\u0148a.<\/p>\t\t\t\t\t\t\t\t<\/div>\n\t\t\t\t<\/div>\n\t\t\t\t\t<\/div>\n\t\t<\/div>\n\t\t\t\t\t<\/div>\n\t\t<\/section>\n\t\t\t\t<section class=\"elementor-section elementor-top-section elementor-element elementor-element-14101865 elementor-section-boxed elementor-section-height-default elementor-section-height-default\" data-id=\"14101865\" data-element_type=\"section\">\n\t\t\t\t\t\t<div class=\"elementor-container elementor-column-gap-no\">\n\t\t\t\t\t<div class=\"elementor-column elementor-col-50 elementor-top-column elementor-element elementor-element-309c2279\" data-id=\"309c2279\" data-element_type=\"column\">\n\t\t\t<div class=\"elementor-widget-wrap elementor-element-populated\">\n\t\t\t\t\t\t<div class=\"elementor-element elementor-element-626b5cf elementor-widget elementor-widget-text-editor\" data-id=\"626b5cf\" data-element_type=\"widget\" data-widget_type=\"text-editor.default\">\n\t\t\t\t<div class=\"elementor-widget-container\">\n\t\t\t\t\t\t\t\t\t<p>Ve\u013ekos\u0165<\/p>\t\t\t\t\t\t\t\t<\/div>\n\t\t\t\t<\/div>\n\t\t\t\t<div class=\"elementor-element elementor-element-421d5c2 elementor-widget elementor-widget-text-editor\" data-id=\"421d5c2\" data-element_type=\"widget\" data-widget_type=\"text-editor.default\">\n\t\t\t\t<div class=\"elementor-widget-container\">\n\t\t\t\t\t\t\t\t\t<p>36-38, 38-40, 40-42, 42-44, 44-46<\/p>\t\t\t\t\t\t\t\t<\/div>\n\t\t\t\t<\/div>\n\t\t\t\t<div class=\"elementor-element elementor-element-6fd2961f elementor-widget elementor-widget-text-editor\" data-id=\"6fd2961f\" data-element_type=\"widget\" data-widget_type=\"text-editor.default\">\n\t\t\t\t<div class=\"elementor-widget-container\">\n\t\t\t\t\t\t\t\t\t<p>Farba<\/p>\t\t\t\t\t\t\t\t<\/div>\n\t\t\t\t<\/div>\n\t\t\t\t<div class=\"elementor-element elementor-element-bb56877 elementor-widget elementor-widget-text-editor\" data-id=\"bb56877\" data-element_type=\"widget\" data-widget_type=\"text-editor.default\">\n\t\t\t\t<div class=\"elementor-widget-container\">\n\t\t\t\t\t\t\t\t\t<p>Biela<\/p>\t\t\t\t\t\t\t\t<\/div>\n\t\t\t\t<\/div>\n\t\t\t\t\t<\/div>\n\t\t<\/div>\n\t\t\t\t<div class=\"elementor-column elementor-col-50 elementor-top-column elementor-element elementor-element-1ae0b320\" data-id=\"1ae0b320\" data-element_type=\"column\">\n\t\t\t<div class=\"elementor-widget-wrap\">\n\t\t\t\t\t\t\t<\/div>\n\t\t<\/div>\n\t\t\t\t\t<\/div>\n\t\t<\/section>\n\t\t\t\t<\/div>\n\t\t","protected":false},"excerpt":{"rendered":"<p>\u0160aty \u013eahk\u00e9 ako v\u00e1nok.<\/p>\n","protected":false},"featured_media":3677,"comment_status":"open","ping_status":"closed","template":"","meta":{"inline_featured_image":false,"_monsterinsights_skip_tracking":false,"_monsterinsights_sitenote_active":false,"_monsterinsights_sitenote_note":"","_monsterinsights_sitenote_category":0},"product_brand":[],"product_cat":[68],"product_tag":[],"class_list":{"0":"post-3675","1":"product","2":"type-product","3":"status-publish","4":"has-post-thumbnail","6":"product_cat-tehotenske","8":"first","9":"instock","10":"shipping-taxable","11":"product-type-simple"},"yoast_head":"<!-- This site is optimized with the Yoast SEO plugin v24.6 - https:\/\/yoast.com\/wordpress\/plugins\/seo\/ -->\n<title>32-21 - Salon Elizabeth<\/title>\n<meta name=\"robots\" content=\"index, follow, max-snippet:-1, max-image-preview:large, max-video-preview:-1\" \/>\n<link rel=\"canonical\" href=\"https:\/\/www.salonelizabeth.sk\/index.php\/product\/32-21\/\" \/>\n<meta property=\"og:locale\" content=\"sk_SK\" \/>\n<meta property=\"og:type\" content=\"article\" \/>\n<meta property=\"og:title\" content=\"32-21 - Salon Elizabeth\" \/>\n<meta property=\"og:description\" content=\"\u0160aty \u013eahk\u00e9 ako v\u00e1nok.\" \/>\n<meta property=\"og:url\" content=\"https:\/\/www.salonelizabeth.sk\/index.php\/product\/32-21\/\" \/>\n<meta property=\"og:site_name\" content=\"Salon Elizabeth\" \/>\n<meta property=\"article:modified_time\" content=\"2024-11-18T10:13:13+00:00\" \/>\n<meta property=\"og:image\" content=\"https:\/\/www.salonelizabeth.sk\/wp-content\/uploads\/2021\/06\/32-21.jpg\" \/>\n\t<meta property=\"og:image:width\" content=\"603\" \/>\n\t<meta property=\"og:image:height\" content=\"615\" \/>\n\t<meta property=\"og:image:type\" content=\"image\/jpeg\" \/>\n<meta name=\"twitter:card\" content=\"summary_large_image\" \/>\n<meta name=\"twitter:label1\" content=\"Predpokladan\u00fd \u010das \u010d\u00edtania\" \/>\n\t<meta name=\"twitter:data1\" content=\"1 min\u00fata\" \/>\n<script type=\"application\/ld+json\" class=\"yoast-schema-graph\">{\"@context\":\"https:\/\/schema.org\",\"@graph\":[{\"@type\":\"WebPage\",\"@id\":\"https:\/\/www.salonelizabeth.sk\/index.php\/product\/32-21\/\",\"url\":\"https:\/\/www.salonelizabeth.sk\/index.php\/product\/32-21\/\",\"name\":\"32-21 - Salon Elizabeth\",\"isPartOf\":{\"@id\":\"https:\/\/www.salonelizabeth.sk\/#website\"},\"primaryImageOfPage\":{\"@id\":\"https:\/\/www.salonelizabeth.sk\/index.php\/product\/32-21\/#primaryimage\"},\"image\":{\"@id\":\"https:\/\/www.salonelizabeth.sk\/index.php\/product\/32-21\/#primaryimage\"},\"thumbnailUrl\":\"https:\/\/www.salonelizabeth.sk\/wp-content\/uploads\/2021\/06\/32-21.jpg\",\"datePublished\":\"2021-06-02T18:55:07+00:00\",\"dateModified\":\"2024-11-18T10:13:13+00:00\",\"breadcrumb\":{\"@id\":\"https:\/\/www.salonelizabeth.sk\/index.php\/product\/32-21\/#breadcrumb\"},\"inLanguage\":\"sk-SK\",\"potentialAction\":[{\"@type\":\"ReadAction\",\"target\":[\"https:\/\/www.salonelizabeth.sk\/index.php\/product\/32-21\/\"]}]},{\"@type\":\"ImageObject\",\"inLanguage\":\"sk-SK\",\"@id\":\"https:\/\/www.salonelizabeth.sk\/index.php\/product\/32-21\/#primaryimage\",\"url\":\"https:\/\/www.salonelizabeth.sk\/wp-content\/uploads\/2021\/06\/32-21.jpg\",\"contentUrl\":\"https:\/\/www.salonelizabeth.sk\/wp-content\/uploads\/2021\/06\/32-21.jpg\",\"width\":603,\"height\":615},{\"@type\":\"BreadcrumbList\",\"@id\":\"https:\/\/www.salonelizabeth.sk\/index.php\/product\/32-21\/#breadcrumb\",\"itemListElement\":[{\"@type\":\"ListItem\",\"position\":1,\"name\":\"Home\",\"item\":\"https:\/\/www.salonelizabeth.sk\/\"},{\"@type\":\"ListItem\",\"position\":2,\"name\":\"Shop\",\"item\":\"https:\/\/www.salonelizabeth.sk\/index.php\/shop\/\"},{\"@type\":\"ListItem\",\"position\":3,\"name\":\"32-21\"}]},{\"@type\":\"WebSite\",\"@id\":\"https:\/\/www.salonelizabeth.sk\/#website\",\"url\":\"https:\/\/www.salonelizabeth.sk\/\",\"name\":\"Salon Elizabeth\",\"description\":\"Len \u010fal\u0161ia WordPress str\u00e1nka\",\"potentialAction\":[{\"@type\":\"SearchAction\",\"target\":{\"@type\":\"EntryPoint\",\"urlTemplate\":\"https:\/\/www.salonelizabeth.sk\/?s={search_term_string}\"},\"query-input\":{\"@type\":\"PropertyValueSpecification\",\"valueRequired\":true,\"valueName\":\"search_term_string\"}}],\"inLanguage\":\"sk-SK\"}]}<\/script>\n<!-- \/ Yoast SEO plugin. -->","yoast_head_json":{"title":"32-21 - Salon Elizabeth","robots":{"index":"index","follow":"follow","max-snippet":"max-snippet:-1","max-image-preview":"max-image-preview:large","max-video-preview":"max-video-preview:-1"},"canonical":"https:\/\/www.salonelizabeth.sk\/index.php\/product\/32-21\/","og_locale":"sk_SK","og_type":"article","og_title":"32-21 - Salon Elizabeth","og_description":"\u0160aty \u013eahk\u00e9 ako v\u00e1nok.","og_url":"https:\/\/www.salonelizabeth.sk\/index.php\/product\/32-21\/","og_site_name":"Salon Elizabeth","article_modified_time":"2024-11-18T10:13:13+00:00","og_image":[{"width":603,"height":615,"url":"https:\/\/www.salonelizabeth.sk\/wp-content\/uploads\/2021\/06\/32-21.jpg","type":"image\/jpeg"}],"twitter_card":"summary_large_image","twitter_misc":{"Predpokladan\u00fd \u010das \u010d\u00edtania":"1 min\u00fata"},"schema":{"@context":"https:\/\/schema.org","@graph":[{"@type":"WebPage","@id":"https:\/\/www.salonelizabeth.sk\/index.php\/product\/32-21\/","url":"https:\/\/www.salonelizabeth.sk\/index.php\/product\/32-21\/","name":"32-21 - Salon Elizabeth","isPartOf":{"@id":"https:\/\/www.salonelizabeth.sk\/#website"},"primaryImageOfPage":{"@id":"https:\/\/www.salonelizabeth.sk\/index.php\/product\/32-21\/#primaryimage"},"image":{"@id":"https:\/\/www.salonelizabeth.sk\/index.php\/product\/32-21\/#primaryimage"},"thumbnailUrl":"https:\/\/www.salonelizabeth.sk\/wp-content\/uploads\/2021\/06\/32-21.jpg","datePublished":"2021-06-02T18:55:07+00:00","dateModified":"2024-11-18T10:13:13+00:00","breadcrumb":{"@id":"https:\/\/www.salonelizabeth.sk\/index.php\/product\/32-21\/#breadcrumb"},"inLanguage":"sk-SK","potentialAction":[{"@type":"ReadAction","target":["https:\/\/www.salonelizabeth.sk\/index.php\/product\/32-21\/"]}]},{"@type":"ImageObject","inLanguage":"sk-SK","@id":"https:\/\/www.salonelizabeth.sk\/index.php\/product\/32-21\/#primaryimage","url":"https:\/\/www.salonelizabeth.sk\/wp-content\/uploads\/2021\/06\/32-21.jpg","contentUrl":"https:\/\/www.salonelizabeth.sk\/wp-content\/uploads\/2021\/06\/32-21.jpg","width":603,"height":615},{"@type":"BreadcrumbList","@id":"https:\/\/www.salonelizabeth.sk\/index.php\/product\/32-21\/#breadcrumb","itemListElement":[{"@type":"ListItem","position":1,"name":"Home","item":"https:\/\/www.salonelizabeth.sk\/"},{"@type":"ListItem","position":2,"name":"Shop","item":"https:\/\/www.salonelizabeth.sk\/index.php\/shop\/"},{"@type":"ListItem","position":3,"name":"32-21"}]},{"@type":"WebSite","@id":"https:\/\/www.salonelizabeth.sk\/#website","url":"https:\/\/www.salonelizabeth.sk\/","name":"Salon Elizabeth","description":"Len \u010fal\u0161ia WordPress str\u00e1nka","potentialAction":[{"@type":"SearchAction","target":{"@type":"EntryPoint","urlTemplate":"https:\/\/www.salonelizabeth.sk\/?s={search_term_string}"},"query-input":{"@type":"PropertyValueSpecification","valueRequired":true,"valueName":"search_term_string"}}],"inLanguage":"sk-SK"}]}},"_links":{"self":[{"href":"https:\/\/www.salonelizabeth.sk\/index.php\/wp-json\/wp\/v2\/product\/3675","targetHints":{"allow":["GET"]}}],"collection":[{"href":"https:\/\/www.salonelizabeth.sk\/index.php\/wp-json\/wp\/v2\/product"}],"about":[{"href":"https:\/\/www.salonelizabeth.sk\/index.php\/wp-json\/wp\/v2\/types\/product"}],"replies":[{"embeddable":true,"href":"https:\/\/www.salonelizabeth.sk\/index.php\/wp-json\/wp\/v2\/comments?post=3675"}],"version-history":[{"count":4,"href":"https:\/\/www.salonelizabeth.sk\/index.php\/wp-json\/wp\/v2\/product\/3675\/revisions"}],"predecessor-version":[{"id":3682,"href":"https:\/\/www.salonelizabeth.sk\/index.php\/wp-json\/wp\/v2\/product\/3675\/revisions\/3682"}],"wp:featuredmedia":[{"embeddable":true,"href":"https:\/\/www.salonelizabeth.sk\/index.php\/wp-json\/wp\/v2\/media\/3677"}],"wp:attachment":[{"href":"https:\/\/www.salonelizabeth.sk\/index.php\/wp-json\/wp\/v2\/media?parent=3675"}],"wp:term":[{"taxonomy":"product_brand","embeddable":true,"href":"https:\/\/www.salonelizabeth.sk\/index.php\/wp-json\/wp\/v2\/product_brand?post=3675"},{"taxonomy":"product_cat","embeddable":true,"href":"https:\/\/www.salonelizabeth.sk\/index.php\/wp-json\/wp\/v2\/product_cat?post=3675"},{"taxonomy":"product_tag","embeddable":true,"href":"https:\/\/www.salonelizabeth.sk\/index.php\/wp-json\/wp\/v2\/product_tag?post=3675"}],"curies":[{"name":"wp","href":"https:\/\/api.w.org\/{rel}","templated":true}]}}